f, -2*f - 436 = -4*h. What is the tens digit of h?
1
Let b be 27/6*16/24. Suppose 56 = 2*r - m - 8, -b*r - 3*m + 96 = 0. What is the tens digit of r?
3
Let b(a) = -5 + a**2 + 6 - 8*a + a**2 + 5. Let p be (-2)/(-5 - -3)*5. What is the tens digit of b(p)?
1
Let k(x) = 6 - 3 + 3 - 3 + 2*x. What is the units digit of k(5)?
3
Let f(v) be the first derivative of -v**5/20 - v**4/3 + 2*v**3/3 - 2*v**2 + 3*v + 2. Let l(k) be the first derivative of f(k). What is the units digit of l(-5)?
1
Let c(l) = 3*l**2 + 3*l - 4. Let q = -6 - -3. What is the units digit of c(q)?
4
Suppose -5*u + 83 + 202 = 0. What is the units digit of u?
7
What is the tens digit of 4/(64/12)*188?
4
Suppose 114 = 2*c + 5*h, c - 4*h - 96 = -c. What is the tens digit of c?
5
Let c = -14 + 24. Let v(k) = k**3 - 11*k**2 + 11*k + 6. What is the units digit of v(c)?
6
What is the units digit of ((-2)/(-7))/(3 + (-205)/70)?
4
Suppose 0 = -5*f + 6*s - s - 20, 34 = -4*f - 5*s. Let n(h) = h**3 + 7*h**2 + 3*h + 8. What is the tens digit of n(f)?
2
Let t(r) = 3*r**3 - 4*r**2 - 1. Let z be t(3). Let p = z + 1. Suppose 2*i = 5*v + i - p, -3*i = 15. What is the units digit of v?
8
Suppose 2*b = 100 + 138. What is the tens digit of b?
1
Let j = 12 + 3. What is the units digit of j?
5
Let q(h) = -h**2 - 34*h - 27. What is the hundreds digit of q(-25)?
1
Suppose -5*n + 4*k + 102 = -15, -k - 87 = -4*n. Suppose -4*g - t + n = -0*g, -3*g = t - 16. Let f = -3 + g. What is the units digit of f?
2
Let s(c) = -2*c - 3. Let d be s(-5). Suppose u + 1 = 4. Suppose k = -u*h + d, -4*h + 4 = -8*k + 4*k. What is the units digit of k?
1
Let c = 7 - -1. Suppose 0 = -4*d + c*d - 28. What is the units digit of d?
7
Let r = 23 + -6. What is the units digit of r?
7
Let a(o) be the first derivative of o**2/2 - o + 1. Let n be -1 + 9 + (-2 - -3). What is the units digit of a(n)?
8
Suppose -c - 4*c + 560 = 0. What is the tens digit of c?
1
Suppose 5*b = -0*b + 105. What is the units digit of b?
1
Suppose 0*y = -2*c + 4*y + 22, -4*y = c + 13. Suppose 1 + 5 = c*u. What is the units digit of 2 + (8/1)/u?
6
Let d(q) = 1 - 2*q + 12 - 2*q + 1. Let t be d(10). Let b = t + 37. What is the tens digit of b?
1
Let n be 0/2 - -2 - 3. Let f(y) = -10*y**3 - y**2 - y - 1. What is the units digit of f(n)?
9
Let u(m) = -2*m**2 - 40*m - 1. What is the tens digit of u(-19)?
3
Let p = 74 + -42. What is the units digit of 12*2*24/p?
8
Let u be 1 - (35 + 1*-2). Suppose -o - 5 = -0*o. What is the units digit of (-4)/10 + u/o?
6
Let a be 514/14 + (-6)/(-21). Let p = a - 25. What is the units digit of p?
2
Suppose -23 - 41 = -o. What is the tens digit of o?
6
Let d(o) = -o**3 + 8*o**2 + o + 11. Let k(g) = -2*g**3 - g**2 + g - 2. Let u be k(-2). What is the units digit of d(u)?
9
Let v(q) = -3*q**3 - 2*q**2 - 3*q. Let j = -4 - -2. What is the units digit of v(j)?
2
Let v = 104 - 59. What is the units digit of v?
5
Let b be 130/(-39)*15/(-2). Suppose 11 + b = w. What is the tens digit of w?
3
Let b(a) = -a**3 - 3*a**2 - 3*a. Let n be b(-2). Suppose f + 36 = n*f. Suppose -4*v - 10 + f = -2*y, -4*y + 2 = v. What is the units digit of v?
6
Let o = -13 + -2. What is the units digit of (-57)/(-5) + 6/o?
1
Suppose 0 = -p + 3*f + 5, -2*p - 2*f + 20 = 2*f. Let i(a) = a - 2. What is the units digit of i(p)?
6
Suppose 55 = 2*w + 3*i, 2*i + 8 = -w + 33. What is the units digit of w?
5
Let v(k) = -k**3 + 9*k**2 - 10*k + 7. Let o be v(6). Suppose 6*l - o = l. Suppose l + 1 = 2*s. What is the units digit of s?
6
Let c(k) be the second derivative of k**5/60 - k**4/8 + k**3 + k**2 - k. Let g(s) be the first derivative of c(s). What is the tens digit of g(4)?
1
What is the units digit of 1/((180/(-182) - 2) + 3)?
1
Let p = 57 + -40. Let i = p - 7. What is the units digit of i?
0
Let a(o) = 62*o + 1. What is the units digit of a(1)?
3
Let c = -17 + 24. Let h = c - -14. What is the tens digit of h?
2
Suppose 4*j + 3*u = -1 + 4, -2*j + 4*u = 26. Let y be (j - -1)*(0 - 1). What is the units digit of (-126)/(-15) - y/5?
8
Let c(s) = -s**2 + 24*s + 21. What is the units digit of c(19)?
6
Let c(b) = -2*b**3 - 3*b**2 - b - 2. What is the units digit of c(-2)?
4
Suppose -2*k + 62 = -v, 0*v - 2*k + 224 = -4*v. Let d = v + 103. What is the tens digit of d?
4
Suppose -c = k + 3*c - 99, 5*k - 3*c - 449 = 0. What is the units digit of k?
1
Suppose 6*r = 3*r + 291. What is the tens digit of r?
9
Suppose 20*t = 23*t - 36. What is the units digit of t?
2
Let u(j) = 15*j + 8. Let l(d) = -d. Let i(f) = -6*l(f) - u(f). What is the tens digit of i(-4)?
2
What is the units digit of ((-54)/5)/((-16)/40)?
7
Suppose -c = -4*c - 81. What is the units digit of c/(-3 - 0) - 3?
6
Let n(r) = r**2 - 5*r + 6. Let s be n(5). Let h be (-12)/((-9)/s - 0). Suppose -60 = -h*t + 4*t. What is the units digit of t?
5
What is the units digit of (-142)/(-4) + (-4)/8?
5
Suppose -83 = -2*p + 3. What is the tens digit of p?
4
Let u be (6/12)/(1/6). Suppose 0 = -0*b + u*b + 15. What is the units digit of (0 - 8)/(b + 3)?
4
Let p be (-2)/(-10) - 435/(-75). Let k be (6/4)/((-2)/(-4)). Suppose k*r = -p + 18. What is the units digit of r?
4
Let k(v) = -15*v**3 + v**2 - v - 1. Let a(i) = -i**3 + 5*i**2 - 3*i - 2. Let u be a(4). Let t be (2 + -3)/(-1) - u. What is the units digit of k(t)?
6
Let l = -220 - -372. What is the hundreds digit of l?
1
Let q(h) = -h**3 + 6*h**2 - 5*h + 5. Let z be q(5). Suppose 3*b + z*f - 7 = 0, 0 = -5*b + b + 2*f - 8. What is the units digit of 3 + b/(2/4)?
1
Let u(v) = -v**3 + 6*v**2 + v - 5. Let a be u(6). Let s = 5 - a. Suppose 4*j - s = -0. What is the units digit of j?
1
Let p(m) = 33*m + 4. What is the units digit of p(2)?
0
Let s = -7 - -5. Let a be 5/(-3 + s + 4). Let y = 15 + a. What is the tens digit of y?
1
Suppose -2*b - 3*c = -22, 5*b - 4*c - 36 = 19. What is the units digit of b?
1
Let x = -93 - -48. Let w = -24 - x. What is the tens digit of w?
2
Let q(u) = -5*u**2 - 3*u. Let h = 7 - 9. Let j be q(h). Let p = -5 - j. What is the units digit of p?
9
Suppose 149 + 286 = 5*f. Suppose 4*v + f = 7*v. Suppose -v - 15 = -4*w. What is the units digit of w?
1
Let o(s) = s + 8. Let c be o(-6). Suppose 3*t = 6, -2*t + 8 = 2*i - 10. Let a = i - c. What is the units digit of a?
5
Let x = 7 + -5. What is the units digit of 55/45 - x/9?
1
Let t(m) = 9*m - 39. What is the units digit of t(19)?
2
What is the tens digit of (-2)/((-6)/(-13))*-3?
1
Let m = 37 - -14. Let b(k) = 26*k - 2. Let r be b(3). Suppose -2*a + x + m = 12, 3*a - 5*x - r = 0. What is the units digit of a?
7
Let y(p) be the first derivative of -p**2 + 6*p - 9. What is the units digit of y(0)?
6
Suppose -2*t + 335 + 87 = 0. What is the tens digit of t?
1
Let y(b) = -3*b - 4. Let q be y(-4). Let l(a) = a**2 + 6*a - 5. Let k be l(-5). What is the units digit of (5/k)/((-2)/q)?
2
Suppose 2*a - 4*a - 16 = 0. Let u(b) = b**2 + 7*b. What is the units digit of u(a)?
8
Let s = 60 - 28. What is the tens digit of s?
3
Suppose 0 = 3*u - 15, k = -2*k + 3*u + 21. What is the units digit of k/10*30/4?
9
What is the units digit of (-40)/(-100) + 473/5?
5
Suppose 5 = -l + 2, 5*q + 2*l = -46. Let m = q - -11. What is the units digit of m?
3
What is the units digit of (-836)/(-30) - (-6)/45?
8
Suppose -7*t - 155 = -12*t. Suppose -5*r = 3*u - 47 - 2, 0 = -5*r + 3*u + t. What is the units digit of r?
8
Let x = 25 + -10. What is the tens digit of (-66)/(-4)*10/x?
1
Let i = -169 + 337. What is the tens digit of i?
6
Let f(z) = -z**3 - 3*z**2 + 4*z + 4. Let l be f(-4). Suppose l*m - 82 = 2. What is the units digit of m?
1
Let c = 13 - 8. Suppose 2*v - c*v + 114 = 0. What is the units digit of v?
8
Suppose -3*x + 1 = 4*s, x - 2 = 2*s + 5. Suppose -16 - 2 = -x*t. Let j(p) = p**2 - 6*p + 3. What is the units digit of j(t)?
3
Let d = -53 + 119. What is the tens digit of d?
6
Suppose 0 = z - 4*f - 64 - 65, -2*z = f - 249. What is the tens digit of z?
2
Suppose -4*q = -2*q + 66. Let y = 60 + q. What is the units digit of y?
7
Let j(g) = -g - 2. Let r be j(0). Let k(m) = -m + 4 - 2 + 0. What is the units digit of k(r)?
4
Let u(x) = -x**2 + 7*x. Let v(s) = -s**2 + s. Let i(m) = -u(m) + 2*v(m). What is the units digit of i(-4)?
4
Suppose 0 = -3*y + 4*y. Suppose 11 = 4*w + 3*p - y*p, -p = -2*w + 13. Suppose w*b - 13 = 4*m, 2*b - 5*b + 3 = -4*m. What 